e 37*n = -15*n + 230308. What is the units digit of n?
9
Let k = -42 - -50. What is the tens digit of ((-4)/k - -2)*(-1266)/(-9)?
1
Let t(d) = -22*d - 220. Let i be t(-11). Suppose -i*m = -34*m + 7092. What is the tens digit of m?
9
Let k(h) = -h**3 + 20*h**2 + 104*h + 36. What is the units digit of k(-16)?
8
Let h be (2/(-5))/(2/20). Let o(p) = 6*p + 23. Let y(u) = 24*u + 95. Let s(n) = -9*o(n) + 2*y(n). What is the units digit of s(h)?
7
Suppose -5*o - 25 = 2*m, -1 = -4*m + o + 4. Suppose m = 8*s - 6 - 10. Suppose -s*j + 56 = -70. What is the units digit of j?
3
Let i be (20/(-3))/(3/(-162)). Let p = 706 + i. What is the units digit of p?
6
Let k(b) = -2*b**3 + 6*b**2 + 18*b - 6. Let t(r) = r**3 - r**2 - r + 1. Let c(n) = k(n) + 3*t(n). What is the hundreds digit of c(6)?
4
Suppose -5*w + 161 - 116 = 0. Suppose -3*u - 2*t + 815 = 0, -w*u + 1079 = -5*u - 5*t. What is the hundreds digit of u?
2
Let s be (4/(-1))/(1/(-4)). Let x(g) be the third derivative of -g**6/120 + 4*g**5/15 + g**4/4 - 23*g**3/6 - 22*g**2 - 3*g. What is the units digit of x(s)?
3
What is the thousands digit of (741646/(-57))/(((-28)/(-6))/(-7))?
9
Let z(q) = q**2 + 4*q - 4. Let c be z(-5). Suppose c = -i + 117. Suppose -i = -5*n + 29. What is the tens digit of n?
2
Let y(a) = -3*a + 9. Suppose 0 = -i + f + 48, 2*i - f - 111 = -2*f. Let k = -80 + i. What is the units digit of y(k)?
0
What is the ten thousands digit of (75/10)/((-303)/(-528634))?
1
Suppose 44060 = 5*m + 5*n, 5*m + n = 177 + 43871. What is the thousands digit of m?
8
Let j(w) = 123*w**2 - 17*w + 36. Let k be (14/(70/9))/(9/15). What is the thousands digit of j(k)?
1
What is the thousands digit of (-112170)/(-18) - ((-4)/3)/4?
6
Suppose 3*n = d - 16708, -d + 5*n = -5006 - 11716. What is the hundreds digit of d?
6
Suppose -5*d - 4*k = -9*k + 20, d = -k - 2. What is the tens digit of d/12 - 3483/(-12)?
9
Let o be 2 + -6 + (-208)/2. Let h = -14 - o. Let y = h - 36. What is the units digit of y?
8
Let z be 2*(42/(-12) - -5). Suppose -t + z*t - 2*n - 706 = 0, 3*t = 4*n + 1055. What is the hundreds digit of t?
3
Let o(a) = -a**3 - 39*a**2 - 20*a - 392. What is the tens digit of o(-43)?
6
Let g = 40 - 40. Suppose g = -4*d - d. Suppose d = 6*h + 136 - 610. What is the tens digit of h?
7
What is the hundreds digit of 1611441/195 - (-9)/(-5)?
2
Suppose 2*z - 5*g + 5 = -2*z, 3*z - 5*g = -10. Suppose z*o - 4424 = -3*o. What is the units digit of o?
3
Suppose -3*o - 3728 = 7*r - 2*r, 3*o + 2232 = -3*r. Let u = -433 - r. What is the units digit of u?
5
Let o(p) = 38*p - 39. Let x = -175 + 182. What is the hundreds digit of o(x)?
2
Let i be -3 + 5 + 25 - 3. Suppose 8*d + i = -0. Let w = 158 + d. What is the hundreds digit of w?
1
Let x be -1 + (0 - -2) - (-1 + -6). Suppose 0*o + 4*o + x = 0. What is the tens digit of ((-2 + 1)*(-21 + o))/1?
2
Suppose -5*o - 3*o = -320. What is the hundreds digit of o/1*1/(4/24)?
2
Suppose -9*g + 255 = 6*g. What is the units digit of 3*59*g/51?
9
What is the units digit of 5/(60/8) - 412270/(-30)?
3
Suppose 2*g = -2*r - 4, -5*g - 15 = 5. Suppose 2*d - 4*p - 2 = 10, 2*p = 2*d - 14. Suppose 2*t - 106 = -2*f - 0*t, r*t = -d. What is the units digit of f?
7
Suppose -a + 3*p + 6182 = 0, 18*a - 22*a - 3*p + 24773 = 0. What is the tens digit of a?
9
What is the units digit of 135243/(-12)*(-908)/681?
7
Let b be (3 + (-4412)/(-16))*4. Let s = b - 349. What is the tens digit of s?
6
Suppose 0*f - 2*o = 3*f - 10, 4*f - 10 = -o. Suppose -43 - 17 = -f*x. What is the tens digit of 158/10 - 24/x?
1
What is the hundreds digit of ((-9)/(-6))/(-3)*425152/(-73)?
9
Let i = -2680 + 4683. What is the tens digit of i?
0
Suppose 8*k + 26*k - 498354 - 136766 = 0. What is the units digit of k?
0
Suppose -5*p = -2*o - 49147, 1413*o = 2*p + 1418*o - 19682. What is the thousands digit of p?
9
Suppose 0 = -9*z - 449 - 9955. Let n = -804 - z. What is the units digit of n?
2
Let p(r) = 7*r**2 + 77*r + 1273. What is the ten thousands digit of p(-52)?
1
Suppose 7336 = -9*m + 16*m. Suppose 2*v = -4*u + 2204, 1176 = 2*v - u - m. What is the hundreds digit of v?
1
Let d = 2402 - -21448. What is the thousands digit of d?
3
Suppose 16 = 4*u, -4*u + 80 - 389 = -t. Let z = 634 - t. What is the tens digit of z?
0
Suppose 2*d + 5*d = 41*d - 465732. What is the tens digit of d?
9
Suppose 10*j - 7*j - 2*k + 2 = 0, 5*j - 3*k = -2. What is the tens digit of j/3 + (-35736)/(-72)?
9
Let y(o) = -8 + 7*o + 0*o - 10*o + 4*o**3 + o**3 - 2*o**2. What is the tens digit of y(4)?
6
Let k = 46856 + -32652. What is the tens digit of k?
0
Let r = -398 + 774. What is the thousands digit of (r + 44)*(-2)/6*-8?
1
Suppose 4*r - 2*r + 173 = 3*u, -212 = 3*r + 5*u. Suppose -1469 = -472*z + 459*z. Let d = r + z. What is the units digit of d?
4
What is the thousands digit of (-7 - (4 - 10))*-5884?
5
Suppose 0 = -6*a + 9*a + 9. Let z = 1 + a. What is the units digit of z/(-1 + 205/215)?
3
Suppose 0 = -4*g - 0*y + 4*y + 2740, -4*g + 3*y = -2735. Suppose 2*w + 0*w = g. What is the tens digit of (-2)/(-6)*(w - 1)?
1
Let k(z) = -2*z**3 - 262*z**2 + 513*z - 300. What is the hundreds digit of k(-135)?
2
Suppose -22*x = -61*x + 52962. What is the thousands digit of x?
1
What is the hundreds digit of ((-66)/(-4))/(-2 + 169430/15400 - 9)?
4
Let y(b) be the third derivative of -b**6/40 - 2*b**5/15 + 5*b**4/24 + 35*b**3/6 - 3*b**2 + 6. What is the units digit of y(-6)?
5
Suppose -10*c + 5*c - 4*p = -78, -2*c + 33 = p. What is the tens digit of c/30 - (2 - 10704/10)?
6
Suppose -5*m = -a + 5486 - 1189, 5*a = 3*m + 2565. What is the hundreds digit of (m/25 + -8)*(-15)/2?
3
Let f(i) be the first derivative of 2/3*i**3 + 10 - 15*i - 4*i**2. What is the tens digit of f(-5)?
7
Let y = -49186 - -94745. What is the thousands digit of y?
5
Suppose 2*u + 3 - 11 = 0. Suppose u*l - 108 = 92. What is the tens digit of l?
5
Suppose 7271 = 5*i - 3*c - 208, c = 4*i - 5979. What is the units digit of i?
4
Suppose -6*p = -65*p - 46*p + 562590. What is the thousands digit of p?
5
Suppose 3*d = -4*q - 0*d + 5, 0 = q - 3*d - 20. Suppose -q*c = 3*o - 1305, 9*o - 7*o = -c + 268. What is the units digit of c?
8
Let g(z) = 1281*z**2 - 26*z - 5. What is the thousands digit of g(-2)?
5
Let r(j) = 4*j**3 + 50*j**2 - 47*j + 12. Let i(h) = -3*h**3 - 33*h**2 + 31*h - 8. Let v(c) = 7*i(c) + 5*r(c). What is the hundreds digit of v(15)?
6
Suppose 5*q - 5*h - 61735 = 0, 5*q - h = 2*q + 37039. What is the tens digit of q?
4
What is the units digit of (-312801)/(-45) - 40/300?
1
Let o = 235 - 106. Suppose -o = -i + 4*m, -3*i + i + m + 258 = 0. Suppose 6*k - i = 249. What is the tens digit of k?
6
Suppose -t - 2918 = -2*g, -8*t + 5*t = 0. Suppose g = 24*f - 5357. What is the hundreds digit of f?
2
Suppose -4*b + x = -20872, -b - 3*x + 4*x + 5215 = 0. What is the thousands digit of b?
5
Suppose 0 = i - 5*p - 12280, 3*i - 44151 = -3*p - 7365. What is the thousands digit of i?
2
Suppose -5*u + 41 = -69. Suppose -9*a - u + 4 = 0. Let s(v) = -9*v**3 - 2*v**2 - v. What is the units digit of s(a)?
6
Let w = -187 - -247. What is the hundreds digit of 176 + (w/15 - 4/1)?
1
Let n(z) = 11*z**2 - 2*z - 7. Let k be (-96)/40 + 4/((-60)/9). What is the tens digit of n(k)?
9
Let s(q) = q**3 + 10*q**2 + 9*q. Let m be s(-9). Suppose m = 5*f - 7 - 8. Let a(h) = h**3 + 3*h**2 - 1. What is the tens digit of a(f)?
5
Suppose 8 + 12 = 4*h. Suppose h*g - 9*g - 5704 = 0. What is the hundreds digit of g/(-10) - 8/(-20)?
1
Let x be (-336)/784 + ((-1854)/(-7))/2. Let v(p) = -40*p**2. Let t be v(-1). Let q = x + t. What is the units digit of q?
2
Let z be (-105)/(-4) - ((-116)/(-16) + -8). What is the units digit of ((-6246)/(-12))/(z/36)?
4
Let w(k) = k + 9. Let l be w(-7). Suppose 22 = -l*x + 28. Suppose -4*h + 131 = -x*h. What is the tens digit of h?
3
Suppose -19*z = -11*z + 720. What is the hundreds digit of 418 - (18/z + 8/(-10))?
4
Let z be (-7)/(84/(-14211)) + (-2)/8. Let d = z + -519. What is the hundreds digit of d?
6
Let x(b) be the first derivative of 8 - 10*b - 1/2*b**2 - 4/3*b**3 - 1/4*b**4. What is the tens digit of x(-5)?
2
Let i(f) = f**3 - 9*f**2 - 13*f - 23. Let o be i(10). Suppose 2*r + d - 170 = 0, r + 3*d - 5*d - 95 = 0. Let v = r + o. What is the units digit of v?
4
Suppose 0 = -3*p + 60 - 9. Suppose -10*o - 49